{"id":520,"date":"2015-06-25T20:54:56","date_gmt":"2015-06-25T19:54:56","guid":{"rendered":"http:\/\/www.veloecoledemontreuil.com\/?page_id=520"},"modified":"2015-06-26T18:55:06","modified_gmt":"2015-06-26T17:55:06","slug":"niveau-6","status":"publish","type":"page","link":"http:\/\/www.veloecoledemontreuil.com\/?page_id=520","title":{"rendered":"Niveau 6"},"content":{"rendered":"<h1 style=\"text-align: center;\"><span style=\"text-decoration: underline;\"><span style=\"color: #ff0000; text-decoration: underline;\">Objectifs<\/span><\/span><\/h1>\n<ul>\n<li>\n<h3>rouler longtemps sur terrains vari\u00e9s \u00e0 des rythmes diff\u00e9rents.<\/h3>\n<\/li>\n<\/ul>\n<h1 style=\"text-align: center;\"><span style=\"text-decoration: underline; color: #ff0000;\">Exercices propos\u00e9s<\/span><\/h1>\n<ul>\n<li>\n<h3>circulation en groupe dans le trafic automobile, en sous-bois, le long de rivi\u00e8res ou canaux.<\/h3>\n<\/li>\n<\/ul>\n<p style=\"text-align: center;\"><iframe loading=\"lazy\" src=\"\/\/www.youtube.com\/embed\/bPAm6EV3rFc\" width=\"392\" height=\"220\" frameborder=\"0\" allowfullscreen=\"allowfullscreen\"><\/iframe><\/p>\n<ul>\n<li>\n<h3>hors trafic automobile, perfectionnement des changements de rythme rapides associ\u00e9s au maniement du changement de vitesses<\/h3>\n<p style=\"text-align: center;\"><iframe loading=\"lazy\" src=\"\/\/www.youtube.com\/embed\/ZpqnnlTqllk\" width=\"392\" height=\"220\" frameborder=\"0\" allowfullscreen=\"allowfullscreen\"><\/iframe><\/p>\n<\/li>\n<\/ul>\n<ul>\n<li>\n<h3>apprentissage de la circulation en file indienne serr\u00e9e, en peloton compact<\/h3>\n<\/li>\n<\/ul>\n<h1 style=\"text-align: center;\"><span style=\"text-decoration: underline; color: #ff0000;\">Conditions de passage au niveau suivant<\/span><\/h1>\n<h3>A l&rsquo;issue du Niveau 5, l&rsquo;\u00e9l\u00e8ve participe alternativement aux Niveaux 6 et 7. Les objectifs de ces deux niveaux sont ind\u00e9pendants et compl\u00e9mentaires.<\/h3>\n","protected":false},"excerpt":{"rendered":"<p>Objectifs rouler longtemps sur terrains vari\u00e9s \u00e0 des rythmes diff\u00e9rents. Exercices propos\u00e9s circulation en groupe dans le trafic automobile, en sous-bois, le long de rivi\u00e8res ou canaux. hors trafic automobile, perfectionnement des changements de rythme rapides associ\u00e9s au maniement du changement de vitesses apprentissage de la circulation en file indienne serr\u00e9e, en peloton compact Conditions<a class=\"read-more \" href=\"http:\/\/www.veloecoledemontreuil.com\/?page_id=520\" title=\"Read More\"> <span class=\"button default\">Read More<\/span><\/a><\/p>\n","protected":false},"author":1,"featured_media":0,"parent":0,"menu_order":0,"comment_status":"open","ping_status":"open","template":"","meta":[],"_links":{"self":[{"href":"http:\/\/www.veloecoledemontreuil.com\/index.php?rest_route=\/wp\/v2\/pages\/520"}],"collection":[{"href":"http:\/\/www.veloecoledemontreuil.com\/index.php?rest_route=\/wp\/v2\/pages"}],"about":[{"href":"http:\/\/www.veloecoledemontreuil.com\/index.php?rest_route=\/wp\/v2\/types\/page"}],"author":[{"embeddable":true,"href":"http:\/\/www.veloecoledemontreuil.com\/index.php?rest_route=\/wp\/v2\/users\/1"}],"replies":[{"embeddable":true,"href":"http:\/\/www.veloecoledemontreuil.com\/index.php?rest_route=%2Fwp%2Fv2%2Fcomments&post=520"}],"version-history":[{"count":7,"href":"http:\/\/www.veloecoledemontreuil.com\/index.php?rest_route=\/wp\/v2\/pages\/520\/revisions"}],"predecessor-version":[{"id":540,"href":"http:\/\/www.veloecoledemontreuil.com\/index.php?rest_route=\/wp\/v2\/pages\/520\/revisions\/540"}],"wp:attachment":[{"href":"http:\/\/www.veloecoledemontreuil.com\/index.php?rest_route=%2Fwp%2Fv2%2Fmedia&parent=520"}],"curies":[{"name":"wp","href":"https:\/\/api.w.org\/{rel}","templated":true}]}}